 - (10 - 11)*1262. Calculate the highest common factor of 75 and a.
75
Let s(y) be the third derivative of y**5/20 - 13*y**4/12 + y**3/6 - 106*y**2. Let x be s(15). Calculate the greatest common divisor of 22 and x.
22
Suppose -4*o = 4*p - 6480, 2*o - 4*o - 3*p + 3244 = 0. What is the greatest common factor of o and 80?
16
Let v(j) = -j**2 - 9*j. Let w be v(-6). Let g = 446 - 358. Let s = -58 + g. What is the highest common factor of s and w?
6
Suppose 19*t - 23*t + 84 = 0. Suppose -6*d - d = -t. Let h be (d + -2 + 0/(-3))*1. What is the greatest common divisor of h and 11?
1
Let g(c) be the second derivative of -5*c**4/12 - 10*c**3 - 3*c**2/2 + 36*c. Let i be g(-11). What is the greatest common factor of 8 and i?
4
Let k(s) = s**2 + 27*s - 482. Let t be k(14). Calculate the greatest common divisor of t and 4.
4
Let k(z) = 404*z - 2280. Let g be k(6). What is the greatest common factor of 8784 and g?
144
Suppose 76 = 5*b - 374. Suppose -201 - 2139 = -52*x. Calculate the highest common factor of x and b.
45
Let k(n) = -271*n**3 + 3*n**2 + 3*n - 1. Suppose -3*r + 2 = -2*s, -56 = s - 4*r - 55. Let m be k(s). Calculate the greatest common divisor of 54 and m.
54
Let o(v) = 40*v - 1. Let s be o(1). Suppose 304 = -3*b + 754. Suppose -3*a = c - 90, 3*c + 3*a - 396 + b = 0. What is the greatest common divisor of c and s?
39
Let w be 0 - 1*(-6)/2. Suppose -w*r - 8 = -5*r. Suppose 3*o - 4*g + g = -39, 276*g = 271*g + 75. Calculate the highest common divisor of r and o.
2
Suppose -10210 + 622 = -12*y. Calculate the highest common factor of y and 94.
47
Let m = 200 + -198. Suppose 0 = 5*g - 3*i - 525, 6*i + 206 = m*g + 4*i. Calculate the greatest common factor of 48 and g.
12
Let q = 7 + 11. Let y(t) = -40*t**2 - 2*t - 2. Let b be y(-3). Let n = -230 - b. Calculate the greatest common divisor of q and n.
18
Let m be ((-954)/(-4) - 2)*(-3 - -5). Let c = -143 + m. Let j(a) = -6*a. Let h be j(-5). What is the greatest common divisor of c and h?
30
Let k = -453 - -761. Let y = k - 301. Suppose -252 = -6*c + 2*c. What is the greatest common divisor of y and c?
7
Suppose -13*c + 35*c = 3268 + 6852. What is the greatest common factor of 2875 and c?
115
Let c be 4*8 + 55/(1540/(-224)). What is the greatest common divisor of 273 and c?
3
Let u = 88 + -88. Suppose -p = 1, -3*v + 107 = -u*v + p. Let m be 1/(-3) - 365/(-15). What is the highest common divisor of v and m?
12
Let a be 18/5 - 2/(-5). Suppose -p = a - 46. Let b = 295 + -289. Calculate the greatest common divisor of b and p.
6
Let d(o) = -12*o + 22. Let y be d(-2). Suppose -5*q + 155 - 40 = 0. Calculate the highest common divisor of q and y.
23
Suppose -3*a + 30 = -9. Suppose 41*g + 33*g = 42*g + 2080. Calculate the greatest common divisor of g and a.
13
Suppose -6 + 41 = 5*o. Let x(c) = 111*c**3 + 6*c - 5. Let p be x(1). What is the highest common divisor of p and o?
7
Suppose -a = -3*t - 179, t - 869 = -5*a + 3*t. Let b = a + -137. Let m = -29 - -53. What is the greatest common factor of m and b?
12
Suppose 0 = 11*l + 37*l - 2448. Suppose -2*y - 2*a - 17 = -l, 2*y - 4*a = 52. Calculate the highest common divisor of y and 250.
10
Let o be 0 + 694/(-14) - (-3)/(-7). Let h = -40 - -134. Let l = o + h. What is the highest common factor of 4 and l?
4
Let p = -15787 + 16283. Calculate the highest common factor of p and 512.
16
Suppose 6*g - 114 = 4*g. Let x be 20/(-110) - g/(-11). Suppose x*o - 30 = 3*o. Calculate the highest common divisor of o and 10.
5
Suppose -4*h - 9*z + 7*z = -142, -185 = -5*h - 5*z. Let m = -957 + 1450. What is the greatest common factor of m and h?
17
Let p(i) = -4*i + 152. Let s = 251 - 228. Let z be p(s). What is the greatest common factor of 108 and z?
12
Let w be 770/165*(1 + -126 + -1). Let a be (-1136)/(-14) + 84/w. What is the highest common divisor of a and 72?
9
Suppose 0 = 3*d - 0*d - 45. Calculate the highest common divisor of d and 1815.
15
Suppose 0 = -18*h - 1356 + 6414. Suppose -4*y = -u + h, 14 = -2*u - 3*y + 598. Calculate the highest common factor of 17 and u.
17
Let n be (-12816956)/(-580) - (-2)/(-10). Calculate the greatest common factor of n and 58.
58
Suppose -9*v - 309960 = -63*v. Suppose 39*s = 43258 - v. Calculate the greatest common factor of 74 and s.
74
Let v be (-40)/56 + (-112)/49 - -21. Calculate the greatest common divisor of v and 1863.
9
Suppose 81*m - 48*m = 1320. What is the highest common divisor of m and 46?
2
Suppose -55*s + 56*s = -4*i + 508, -3*s - 524 = -4*i. What is the highest common factor of i and 224?
32
Suppose 3*q - 4 = -2*t, 4*t + 6*q = q + 8. Suppose -t*r + 45 = -25. Calculate the greatest common factor of r and 245.
35
Suppose 3*q = 4*f - 2*q + 2128, -4*f - 2128 = 5*q. Let z = f - -667. Calculate the greatest common factor of 54 and z.
27
Let q = 28 + -16. Let z = 25 - 21. Let w = 7 - z. What is the greatest common divisor of q and w?
3
Let p(s) = 17*s - 56. Let f be p(7). Let d be f/5 + 86/215. Calculate the highest common divisor of 767 and d.
13
Suppose 0 = w + 3*w - 8. Let k(n) = -7035 - 3*n + 7031 + 41*n. Let a be k(w). Calculate the greatest common divisor of a and 8.
8
Let a(r) = 4*r**2 + 133*r + 233. Let k be a(-36). Let o be 2*(2 - 66/(-4)). What is the greatest common factor of k and o?
37
Let d(i) = -i**3 - 7*i**2 + 3*i - 30. Let s be d(-8). Let j be 600*(-4 - (-5)/(s/9)). What is the greatest common divisor of 60 and j?
60
Suppose -101 = -2*w + 19. Suppose -w = -j - 4. What is the highest common factor of j and 84?
28
Let n(c) = -21*c + 5. Let l be n(-1). Let z be (3/4)/(7/(-28))*-78. Calculate the highest common divisor of l and z.
26
Let v be (-9 + -3 - 4) + 0. Let z be ((-140)/v + -8)*8/6. Calculate the greatest common factor of 9 and z.
1
Let o be 1 + 12/6*(-6)/(-4). Let p be ((-13)/o)/(35/(-5180)). What is the highest common factor of p and 37?
37
Let t be 446 + (0 - (-8 + 3)). Let a = t - 425. What is the highest common factor of a and 6?
2
Let y = 156 + -273. Let a = y + 80. Let q = a + 54. Calculate the highest common factor of q and 85.
17
Let f = 371 - 266. Let k = f - 64. Calculate the highest common divisor of 164 and k.
41
Let d(k) be the first derivative of 3*k**3 + 5*k**2/2 + k + 36. Let w be d(-2). Suppose w*l - 25*l = 48. What is the greatest common divisor of 6 and l?
6
Suppose -3*x + 0*x + 231 = 3*f, -4*f - 196 = -3*x. What is the greatest common factor of 564 and x?
12
Let t(g) = -3*g**3 - 21*g**2 - 31*g + 9. Let h be t(-8). Let l = h - 314. Calculate the highest common factor of 81 and l.
27
Let u be (-2)/(-3 - (-20)/8). Suppose 2*f + m + 15 = 0, -u*f + f + 2*m - 12 = 0. Let z be f*8/12*-5. Calculate the highest common factor of z and 30.
10
Let n(t) = t**3 + 71*t**2 - 187*t + 647. Let u be n(-73). Calculate the greatest common divisor of 78 and u.
26
Let c = 32645 + -29645. What is the highest common divisor of c and 1375?
125
Suppose 131 = -104*i + 1691. Suppose 0*n + n + 5 = p, -14 = -4*p + n. Let c be (p - (-3 + -69)) + 0. What is the greatest common factor of i and c?
15
Let y = 191 - 187. Suppose 38 = 2*h - 5*q + y*q, -3*h + 83 = 5*q. What is the greatest common divisor of 168 and h?
21
Let q be 15/27 + (-68970)/(-270). Calculate the greatest common factor of q and 800.
32
Suppose 3*a + 475 = 5*j, 7*a - 6*a + 5 = 0. Suppose k + k - j = 4*b, 3*k - 2*b = 142. What is the highest common divisor of k and 12?
12
Let f = -314 - -483. Suppose 3*q - 2*q = f. Calculate the highest common factor of q and 13.
13
Let o be (6/(-5))/((-12)/40). Suppose 31 - 3 = o*l. Let n(u) = 28*u - 6. Let s be n(l). Calculate the greatest common factor of 76 and s.
38
Suppose -r = 0, 5*h - 52*r - 120 = -48*r. Let b = 4 + 0. What is the greatest common factor of h and b?
4
Let d = -123 - -126. Suppose 5*t - 1212 = d*p, -5*p - 269 = -2*t + 231. Let l = 23 - -1. What is the highest common factor of t and l?
24
Suppose -2*y + 521 = -2*i - 731, 5*y - 3142 = 2*i. What is the greatest common factor of y and 60?
30
Let s be 58 + 3/(-12) + 90/(-24). Let h be ((-792)/220)/((-2)/40). What is the greatest common divisor of s and h?
18
Suppose -2*x + 5*d + 219 = 0, 5*x - d = 2*d + 595. Let w be (-1)/((-7)/x) - (-237)/(-553). Calculate the highest common divisor of w and 68.
17
Suppose 4*d - 4*s = 284, d - 5*s + 239 = 5*d. Let b = 